{"id":22,"date":"2024-06-17T12:03:17","date_gmt":"2024-06-17T10:03:17","guid":{"rendered":"http:\/\/www.leslunettesjaunes.com\/?page_id=22"},"modified":"2024-06-18T18:35:00","modified_gmt":"2024-06-18T16:35:00","slug":"accueil","status":"publish","type":"page","link":"http:\/\/www.leslunettesjaunes.com\/","title":{"rendered":"Promouvoir les modes de d\u00e9placement actifs"},"content":{"rendered":"\t\t<div data-elementor-type=\"wp-page\" data-elementor-id=\"22\" class=\"elementor elementor-22\">\n\t\t\t\t<div class=\"elementor-element elementor-element-c38674c e-con-full e-flex e-con e-parent\" data-id=\"c38674c\" data-element_type=\"container\">\n\t\t<div class=\"elementor-element elementor-element-8133bc9 e-con-full e-flex e-con e-child\" data-id=\"8133bc9\" data-element_type=\"container\">\n\t\t\t\t<div class=\"elementor-element elementor-element-676f85d9 elementor-widget__width-initial elementor-widget elementor-widget-text-editor\" data-id=\"676f85d9\" data-element_type=\"widget\" data-widget_type=\"text-editor.default\">\n\t\t\t\t<div class=\"elementor-widget-container\">\n\t\t\t<style>\/*! elementor - v3.21.0 - 26-05-2024 *\/\n.elementor-widget-text-editor.elementor-drop-cap-view-stacked .elementor-drop-cap{background-color:#69727d;color:#fff}.elementor-widget-text-editor.elementor-drop-cap-view-framed .elementor-drop-cap{color:#69727d;border:3px solid;background-color:transparent}.elementor-widget-text-editor:not(.elementor-drop-cap-view-default) .elementor-drop-cap{margin-top:8px}.elementor-widget-text-editor:not(.elementor-drop-cap-view-default) .elementor-drop-cap-letter{width:1em;height:1em}.elementor-widget-text-editor .elementor-drop-cap{float:left;text-align:center;line-height:1;font-size:50px}.elementor-widget-text-editor .elementor-drop-cap-letter{display:inline-block}<\/style>\t\t\t\t<!-- wp:paragraph -->\n<p>Les Lunettes Jaunes accompagnent entreprises et collectivit\u00e9s pour : sensibilisation, conseil, coaching et accompagnement \u00e0 la mobilit\u00e9 active (marche, v\u00e9lo, etc.) et \u00e0 l&#8217;intermodalit\u00e9.<\/p>\n<p>\ud83d\udfe1 En travaillant sur les d\u00e9placements du quotidien. <br \/>\ud83d\udfe0Pour se passer le plus souvent possible de la voiture.<br \/>\ud83d\udfe1Pour redonner \u00e0 chacun le plaisir de bouger, de red\u00e9couvrir son environnement.<\/p>\n<!-- \/wp:paragraph -->\t\t\t\t\t\t<\/div>\n\t\t\t\t<\/div>\n\t\t\t\t<\/div>\n\t\t<div class=\"elementor-element elementor-element-5b5e2ba e-con-full e-flex e-con e-child\" data-id=\"5b5e2ba\" data-element_type=\"container\">\n\t\t\t\t<div class=\"elementor-element elementor-element-977cd26 elementor-widget__width-initial elementor-widget elementor-widget-image\" data-id=\"977cd26\" data-element_type=\"widget\" data-widget_type=\"image.default\">\n\t\t\t\t<div class=\"elementor-widget-container\">\n\t\t\t<style>\/*! elementor - v3.21.0 - 26-05-2024 *\/\n.elementor-widget-image{text-align:center}.elementor-widget-image a{display:inline-block}.elementor-widget-image a img[src$=\".svg\"]{width:48px}.elementor-widget-image img{vertical-align:middle;display:inline-block}<\/style>\t\t\t\t\t\t\t\t\t\t<img fetchpriority=\"high\" decoding=\"async\" width=\"429\" height=\"523\" src=\"http:\/\/www.leslunettesjaunes.com\/wp-content\/uploads\/2024\/06\/pyramide-modes-dpt.png\" class=\"attachment-large size-large wp-image-87\" alt=\"\" srcset=\"http:\/\/www.leslunettesjaunes.com\/wp-content\/uploads\/2024\/06\/pyramide-modes-dpt.png 429w, http:\/\/www.leslunettesjaunes.com\/wp-content\/uploads\/2024\/06\/pyramide-modes-dpt-246x300.png 246w\" sizes=\"100vw\" \/>\t\t\t\t\t\t\t\t\t\t\t\t\t<\/div>\n\t\t\t\t<\/div>\n\t\t\t\t<\/div>\n\t\t\t\t<\/div>\n\t\t<div class=\"elementor-element elementor-element-69aac38 e-flex e-con-boxed e-con e-parent\" data-id=\"69aac38\" data-element_type=\"container\">\n\t\t\t\t\t<div class=\"e-con-inner\">\n\t\t<div class=\"elementor-element elementor-element-a26df41 e-con-full e-flex e-con e-child\" data-id=\"a26df41\" data-element_type=\"container\">\n\t\t\t\t<div class=\"elementor-element elementor-element-1b622de elementor-widget elementor-widget-text-editor\" data-id=\"1b622de\" data-element_type=\"widget\" data-widget_type=\"text-editor.default\">\n\t\t\t\t<div class=\"elementor-widget-container\">\n\t\t\t\t\t\t\t<p><strong>Promouvoir la mobilit\u00e9 active vous aide \u00e0 participer \u00e0 la r\u00e9alisation de certains des objectifs de d\u00e9veloppement durable de l&#8217;ONU (ODD)<\/strong><\/p>\t\t\t\t\t\t<\/div>\n\t\t\t\t<\/div>\n\t\t\t\t<\/div>\n\t\t<div class=\"elementor-element elementor-element-71e5532 e-con-full e-flex e-con e-child\" data-id=\"71e5532\" data-element_type=\"container\">\n\t\t\t\t<div class=\"elementor-element elementor-element-7cdafbb elementor-widget elementor-widget-image\" data-id=\"7cdafbb\" data-element_type=\"widget\" data-widget_type=\"image.default\">\n\t\t\t\t<div class=\"elementor-widget-container\">\n\t\t\t\t\t\t\t\t\t\t\t\t\t<img decoding=\"async\" width=\"300\" height=\"300\" src=\"http:\/\/www.leslunettesjaunes.com\/wp-content\/uploads\/2024\/06\/F_SDG_PRINT-03-300x300.jpg\" class=\"attachment-medium size-medium wp-image-51\" alt=\"\" srcset=\"http:\/\/www.leslunettesjaunes.com\/wp-content\/uploads\/2024\/06\/F_SDG_PRINT-03-300x300.jpg 300w, http:\/\/www.leslunettesjaunes.com\/wp-content\/uploads\/2024\/06\/F_SDG_PRINT-03-1024x1024.jpg 1024w, http:\/\/www.leslunettesjaunes.com\/wp-content\/uploads\/2024\/06\/F_SDG_PRINT-03-150x150.jpg 150w, http:\/\/www.leslunettesjaunes.com\/wp-content\/uploads\/2024\/06\/F_SDG_PRINT-03-768x768.jpg 768w, http:\/\/www.leslunettesjaunes.com\/wp-content\/uploads\/2024\/06\/F_SDG_PRINT-03-1536x1536.jpg 1536w, http:\/\/www.leslunettesjaunes.com\/wp-content\/uploads\/2024\/06\/F_SDG_PRINT-03-2048x2048.jpg 2048w, http:\/\/www.leslunettesjaunes.com\/wp-content\/uploads\/2024\/06\/F_SDG_PRINT-03-100x100.jpg 100w\" sizes=\"100vw\" \/>\t\t\t\t\t\t\t\t\t\t\t\t\t<\/div>\n\t\t\t\t<\/div>\n\t\t\t\t<\/div>\n\t\t<div class=\"elementor-element elementor-element-df40a09 e-con-full e-flex e-con e-child\" data-id=\"df40a09\" data-element_type=\"container\">\n\t\t\t\t<div class=\"elementor-element elementor-element-db677cb elementor-widget elementor-widget-image\" data-id=\"db677cb\" data-element_type=\"widget\" data-widget_type=\"image.default\">\n\t\t\t\t<div class=\"elementor-widget-container\">\n\t\t\t\t\t\t\t\t\t\t\t\t\t<img decoding=\"async\" width=\"300\" height=\"300\" src=\"http:\/\/www.leslunettesjaunes.com\/wp-content\/uploads\/2024\/06\/F_SDG_PRINT-11-300x300.jpg\" class=\"attachment-medium size-medium wp-image-54\" alt=\"\" srcset=\"http:\/\/www.leslunettesjaunes.com\/wp-content\/uploads\/2024\/06\/F_SDG_PRINT-11-300x300.jpg 300w, http:\/\/www.leslunettesjaunes.com\/wp-content\/uploads\/2024\/06\/F_SDG_PRINT-11-1024x1024.jpg 1024w, http:\/\/www.leslunettesjaunes.com\/wp-content\/uploads\/2024\/06\/F_SDG_PRINT-11-150x150.jpg 150w, http:\/\/www.leslunettesjaunes.com\/wp-content\/uploads\/2024\/06\/F_SDG_PRINT-11-768x768.jpg 768w, http:\/\/www.leslunettesjaunes.com\/wp-content\/uploads\/2024\/06\/F_SDG_PRINT-11-1536x1536.jpg 1536w, http:\/\/www.leslunettesjaunes.com\/wp-content\/uploads\/2024\/06\/F_SDG_PRINT-11-2048x2048.jpg 2048w, http:\/\/www.leslunettesjaunes.com\/wp-content\/uploads\/2024\/06\/F_SDG_PRINT-11-100x100.jpg 100w\" sizes=\"100vw\" \/>\t\t\t\t\t\t\t\t\t\t\t\t\t<\/div>\n\t\t\t\t<\/div>\n\t\t\t\t<\/div>\n\t\t<div class=\"elementor-element elementor-element-161842a e-con-full e-flex e-con e-child\" data-id=\"161842a\" data-element_type=\"container\">\n\t\t\t\t<div class=\"elementor-element elementor-element-42d2a9f elementor-widget elementor-widget-image\" data-id=\"42d2a9f\" data-element_type=\"widget\" data-widget_type=\"image.default\">\n\t\t\t\t<div class=\"elementor-widget-container\">\n\t\t\t\t\t\t\t\t\t\t\t\t\t<img loading=\"lazy\" decoding=\"async\" width=\"300\" height=\"300\" src=\"http:\/\/www.leslunettesjaunes.com\/wp-content\/uploads\/2024\/06\/F_SDG_PRINT-13-300x300.jpg\" class=\"attachment-medium size-medium wp-image-55\" alt=\"\" srcset=\"http:\/\/www.leslunettesjaunes.com\/wp-content\/uploads\/2024\/06\/F_SDG_PRINT-13-300x300.jpg 300w, http:\/\/www.leslunettesjaunes.com\/wp-content\/uploads\/2024\/06\/F_SDG_PRINT-13-1024x1024.jpg 1024w, http:\/\/www.leslunettesjaunes.com\/wp-content\/uploads\/2024\/06\/F_SDG_PRINT-13-150x150.jpg 150w, http:\/\/www.leslunettesjaunes.com\/wp-content\/uploads\/2024\/06\/F_SDG_PRINT-13-768x768.jpg 768w, http:\/\/www.leslunettesjaunes.com\/wp-content\/uploads\/2024\/06\/F_SDG_PRINT-13-1536x1536.jpg 1536w, http:\/\/www.leslunettesjaunes.com\/wp-content\/uploads\/2024\/06\/F_SDG_PRINT-13-2048x2048.jpg 2048w, http:\/\/www.leslunettesjaunes.com\/wp-content\/uploads\/2024\/06\/F_SDG_PRINT-13-100x100.jpg 100w\" sizes=\"100vw\" \/>\t\t\t\t\t\t\t\t\t\t\t\t\t<\/div>\n\t\t\t\t<\/div>\n\t\t\t\t<\/div>\n\t\t<div class=\"elementor-element elementor-element-c8d0918 e-con-full e-flex e-con e-child\" data-id=\"c8d0918\" data-element_type=\"container\">\n\t\t\t\t<div class=\"elementor-element elementor-element-08b04e1 elementor-widget elementor-widget-image\" data-id=\"08b04e1\" data-element_type=\"widget\" data-widget_type=\"image.default\">\n\t\t\t\t<div class=\"elementor-widget-container\">\n\t\t\t\t\t\t\t\t\t\t\t\t\t<img loading=\"lazy\" decoding=\"async\" width=\"300\" height=\"300\" src=\"http:\/\/www.leslunettesjaunes.com\/wp-content\/uploads\/2024\/06\/F_SDG_PRINT-05-300x300.jpg\" class=\"attachment-medium size-medium wp-image-52\" alt=\"\" srcset=\"http:\/\/www.leslunettesjaunes.com\/wp-content\/uploads\/2024\/06\/F_SDG_PRINT-05-300x300.jpg 300w, http:\/\/www.leslunettesjaunes.com\/wp-content\/uploads\/2024\/06\/F_SDG_PRINT-05-1024x1024.jpg 1024w, http:\/\/www.leslunettesjaunes.com\/wp-content\/uploads\/2024\/06\/F_SDG_PRINT-05-150x150.jpg 150w, http:\/\/www.leslunettesjaunes.com\/wp-content\/uploads\/2024\/06\/F_SDG_PRINT-05-768x768.jpg 768w, http:\/\/www.leslunettesjaunes.com\/wp-content\/uploads\/2024\/06\/F_SDG_PRINT-05-1536x1536.jpg 1536w, http:\/\/www.leslunettesjaunes.com\/wp-content\/uploads\/2024\/06\/F_SDG_PRINT-05-2048x2048.jpg 2048w, http:\/\/www.leslunettesjaunes.com\/wp-content\/uploads\/2024\/06\/F_SDG_PRINT-05-100x100.jpg 100w\" sizes=\"100vw\" \/>\t\t\t\t\t\t\t\t\t\t\t\t\t<\/div>\n\t\t\t\t<\/div>\n\t\t\t\t<\/div>\n\t\t<div class=\"elementor-element elementor-element-e0f25bd e-con-full e-flex e-con e-child\" data-id=\"e0f25bd\" data-element_type=\"container\">\n\t\t\t\t<div class=\"elementor-element elementor-element-eae3489 elementor-widget elementor-widget-image\" data-id=\"eae3489\" data-element_type=\"widget\" data-widget_type=\"image.default\">\n\t\t\t\t<div class=\"elementor-widget-container\">\n\t\t\t\t\t\t\t\t\t\t\t\t\t<img loading=\"lazy\" decoding=\"async\" width=\"300\" height=\"300\" src=\"http:\/\/www.leslunettesjaunes.com\/wp-content\/uploads\/2024\/06\/F_SDG_PRINT-10-300x300.jpg\" class=\"attachment-medium size-medium wp-image-53\" alt=\"\" srcset=\"http:\/\/www.leslunettesjaunes.com\/wp-content\/uploads\/2024\/06\/F_SDG_PRINT-10-300x300.jpg 300w, http:\/\/www.leslunettesjaunes.com\/wp-content\/uploads\/2024\/06\/F_SDG_PRINT-10-1024x1024.jpg 1024w, http:\/\/www.leslunettesjaunes.com\/wp-content\/uploads\/2024\/06\/F_SDG_PRINT-10-150x150.jpg 150w, http:\/\/www.leslunettesjaunes.com\/wp-content\/uploads\/2024\/06\/F_SDG_PRINT-10-768x768.jpg 768w, http:\/\/www.leslunettesjaunes.com\/wp-content\/uploads\/2024\/06\/F_SDG_PRINT-10-1536x1536.jpg 1536w, http:\/\/www.leslunettesjaunes.com\/wp-content\/uploads\/2024\/06\/F_SDG_PRINT-10-2048x2048.jpg 2048w, http:\/\/www.leslunettesjaunes.com\/wp-content\/uploads\/2024\/06\/F_SDG_PRINT-10-100x100.jpg 100w\" sizes=\"100vw\" \/>\t\t\t\t\t\t\t\t\t\t\t\t\t<\/div>\n\t\t\t\t<\/div>\n\t\t\t\t<\/div>\n\t\t\t\t\t<\/div>\n\t\t\t\t<\/div>\n\t\t\t\t<\/div>\n\t\t","protected":false},"excerpt":{"rendered":"<p>Les Lunettes Jaunes accompagnent entreprises et collectivit\u00e9s pour : sensibilisation, conseil, coaching et accompagnement \u00e0 la mobilit\u00e9 active (marche, v\u00e9lo, etc.) et \u00e0 l&#8217;intermodalit\u00e9. \ud83d\udfe1 En travaillant sur les d\u00e9placements du quotidien. \ud83d\udfe0Pour se passer le plus souvent possible de la voiture.\ud83d\udfe1Pour redonner \u00e0 chacun le plaisir de bouger, de red\u00e9couvrir son environnement. Promouvoir la &hellip; <\/p>\n<p class=\"link-more\"><a href=\"http:\/\/www.leslunettesjaunes.com\/\" class=\"more-link\">Continue reading<span class=\"screen-reader-text\"> &#8220;Promouvoir les modes de d\u00e9placement actifs&#8221;<\/span><\/a><\/p>\n","protected":false},"author":1,"featured_media":218,"parent":0,"menu_order":0,"comment_status":"closed","ping_status":"closed","template":"","meta":{"footnotes":""},"class_list":["post-22","page","type-page","status-publish","has-post-thumbnail","hentry"],"_links":{"self":[{"href":"http:\/\/www.leslunettesjaunes.com\/index.php\/wp-json\/wp\/v2\/pages\/22","targetHints":{"allow":["GET"]}}],"collection":[{"href":"http:\/\/www.leslunettesjaunes.com\/index.php\/wp-json\/wp\/v2\/pages"}],"about":[{"href":"http:\/\/www.leslunettesjaunes.com\/index.php\/wp-json\/wp\/v2\/types\/page"}],"author":[{"embeddable":true,"href":"http:\/\/www.leslunettesjaunes.com\/index.php\/wp-json\/wp\/v2\/users\/1"}],"replies":[{"embeddable":true,"href":"http:\/\/www.leslunettesjaunes.com\/index.php\/wp-json\/wp\/v2\/comments?post=22"}],"version-history":[{"count":24,"href":"http:\/\/www.leslunettesjaunes.com\/index.php\/wp-json\/wp\/v2\/pages\/22\/revisions"}],"predecessor-version":[{"id":217,"href":"http:\/\/www.leslunettesjaunes.com\/index.php\/wp-json\/wp\/v2\/pages\/22\/revisions\/217"}],"wp:featuredmedia":[{"embeddable":true,"href":"http:\/\/www.leslunettesjaunes.com\/index.php\/wp-json\/wp\/v2\/media\/218"}],"wp:attachment":[{"href":"http:\/\/www.leslunettesjaunes.com\/index.php\/wp-json\/wp\/v2\/media?parent=22"}],"curies":[{"name":"wp","href":"https:\/\/api.w.org\/{rel}","templated":true}]}}